Evaluate 128 + -117 + (-6 - 0).
5
What is -2 - (28 + -31 - (-14 + 2))?
-11
What is -6 - ((0 - 6) + 15 + -7)?
-8
What is the value of -4 + 0 - (-6 + 2)?
0
Calculate 2 - -3 - (-5 + 7).
3
Evaluate 9 - 13 - (-3 + 3 + 2).
-6
What is -6 + (-1 - 4 - -11)?
0
-3 - (1 + -2) - 0 - -2
0
What is -10 - (-10 + 6 + -1)?
-5
Calculate 25 + -13 + -10 - -3.
5
What is the value of 2 + (4 - 5 - -4) - 7?
-2
Calculate -2 - (-11 + 9 + -3).
3
Calculate 4 - (1 + -5 + -7 + 14).
1
Evaluate -3 + (2 - -10) + -4.
5
What is the value of 2 + (-12 - (8 - 12)) + 8?
2
What is 3 + -4 + (-10 - -6)?
-5
Calculate -18 + 9 + -8 + 6 + 1.
-10
What is -4 - (-6 - -4 - 3)?
1
Evaluate -10 - (6 + -11) - -10.
5
Evaluate 8 + -4 + 3 + -2 + -9.
-4
What is (0 - (8 + -4) - 5) + 5?
-4
Calculate -4 + (4 + -8 - -3).
-5
Evaluate -1 + (-6 - -3) - -5.
1
What is (-7 - -4) + 6 - 8?
-5
3 + -7 + 4 - -1
1
Evaluate -1 - 2 - (-5 + 1).
1
What is the value of (-15 - -5) + (7 - 2)?
-5
-2 + -5 + 7 - -2
2
-4 - (5 - 7) - -5
3
What is 1 - ((6 - 4 - 0) + -5)?
4
Evaluate (12 - 24 - -4) + -3 + 2.
-9
1 - 0 - -5 - (-17 - -18)
5
What is -5 + ((3 - -2) + -5 - -5)?
0
What is the value of 4 - (-6 - -6 - -2)?
2
-4 + (-2 - -3) + -21 + 24
0
-1 + (3 - -5) + -4
3
-1 - (-14 + 9 + -2 + 12)
-6
5 - 10 - 4 - -6
-3
What is 7 + -2 + (-3 - -4) - -4?
10
What is the value of -5 - (-3 + -1) - 3?
-4
-1 + (9 - (-2 + 9 + -3))
4
Calculate 6 + (-6 - (-14 + 8)).
6
Evaluate (0 - -1 - -4) + -1 - 1.
3
Calculate -1 + -1 + 0 + -2.
-4
What is -1 - (6 + 4 + -4 - -3)?
-10
Evaluate -5 + -3 + 1 + (-5 - -9).
-3
Evaluate 2 - (2 + 0 + -4).
4
-5 + (10 - 2) - (-5 + -1)
9
Evaluate -5 - (-5 + -5 + 4 + 0).
1
6 + 5 + -11 + 2
2
1 + -18 + 19 + -1 + -2
-1
Evaluate -6 + 1 - (15 + -15).
-5
1 + (0 - -1) + 8 + -5
5
-1 + -4 + 10 - 2
3
Evaluate 1 - 2 - (-22 + 23).
-2
What is the value of -7 - (-4 + (-1 + 4 - 3))?
-3
Evaluate (0 - ((0 - 2) + 4)) + 0.
-2
What is -3 + (-1 - (-4 + 2))?
-2
What is the value of -2 + 5 + (-9 - -1)?
-5
(2 - 2) + 4 + 1 + -2
3
Calculate 4 + 0 - (19 + (-18 - -10)).
-7
What is the value of -1 - 12 - (43 - 48)?
-8
What is (-1 + -10 + 3 - -2) + 1?
-5
What is 2 - -1 - (-3 + -1 + 2)?
5
(-5 - -14) + -6 - 4
-1
Evaluate -6 - 0 - (-8 - -4).
-2
What is the value of -15 + 5 + 9 + 3?
2
Evaluate 9 + 2 + (-1 - 5 - -1).
6
What is -6 - (-8 - 2) - (1 - -2)?
1
What is 5 - ((2 - (9 - 6)) + 1)?
5
What is (2 - -3) + (4 + 3 - 8)?
4
-8 + 3 + 1 - (-1 - 4)
1
What is -6 - (6 + -4) - (0 - 3)?
-5
Calculate 4 - (2 + -13 - -14).
1
Calculate (1 - -5 - 7) + (3 - 1).
1
What is -4 + -4 + (11 - 10)?
-7
-1 - (-2 - (-4 + 4 - -3))
4
What is the value of -2 + 8 + -4 + 5?
7
What is (2 - -1) + -6 + 2 - -9?
8
(5 - 2 - 4) + -3
-4
Calculate 3 + -3 + -3 - (1 + -3).
-1
-3 + 10 + (-7 - -4)
4
Evaluate -1 - 4 - (3 - (7 - 0)).
-1
-7 + (-1 - -3) + (-2 - -11)
4
Evaluate 0 - 0 - (-88 - -83).
5
Evaluate 0 + 11 + (9 + -22 - -6).
4
What is the value of 11 + -18 + (7 - 0)?
0
Calculate (-1 - -20) + (-91 - -81).
9
(-213 - -218) + (3 - 0) + -1
7
Evaluate 2 + -2 + -3 + -11 + 19.
5
Calculate 2 + -1 + 0 + -1 + 0.
0
Calculate 9 + -1 + -7 - 7.
-6
What is the value of 2 - ((4 - 3 - 1) + 4)?
-2
(45 - 44) + 1 + -5
-3
9 + (4 - (4 - (-1 - 4)))
4
What is the value of 2 + (-6 - (6 - 9))?
-1
What is -5 + 0 - (-6 + 1 + -5)?
5
Evaluate 0 + (-4 - -8 - 6) + 0.
-2
What is 3 + (6 - 3) + (-4 - -2)?
4
Calculate 3 + (1 - (0 + -3 + 4)).
3
Calculate (3 + -4 - 0) + 6.
5
What is the value of (2 - (-4 - -12 - 4)) + -2?
-4
Calculate -3 + (1 - 4 - (-4 + 3)).
-5
What is -2 - -1 - 0 - -4?
3
Calculate 4 - (1 - (0 - (0 + -2))).
5
Calculate (2 - (0 + -5)) + -11.
-4
What is (-7 - 0) + -2 + 16?
7
What is the value of (-1 - 2) + (2 - (0 - -3))?
-4
What is (0 - (1 - 6)) + -4 + -6?
-5
Evaluate 4 + -8 + 9 + -12.
-7
Evaluate 1 - (0 + 0 + 1).
0
Evaluate 7 - (9 + -3 + (-6 - -3)).
4
Calculate (-3 + 3 - 5) + 9.
4
Evaluate -8 + 21 - (3 + 12).
-2
Calculate (92 - 80) + (-8 - -2 - -2).
8
Evaluate -5 + 6 + (0 - -2) + 3.
6
1 + (4 - 8) - 4 - -2
-5
0 + -4 + 2 + (-2 - -6)
2
What is -1 - (0 + 0) - -1 - -1?
1
11 - (1 + 3) - 9
-2
Evaluate (2 - 2) + -5 + 2.
-3
What is the value of (0 - -1) + -2 + 4 + 0?
3
What is (-5 - -1) + (7 - (0 - -2))?
1
What is the value of (7 - 2) + (-4 - -1) - 2?
0
Evaluate 6 + 1 + (-8 - -2).
1
What is (5 - 9) + (4 - (3 - 2))?
-1
Calculate 8 + -2 + -14 - (1 - 7).
-2
What is the value of 0 - (-3 + 3 + (-2 - -1))?
1
Evaluate -3 + (-1 - (1 - 2)).
-3
What is 5 + 2 + (17 - 19) + 1?
6
What is -3 + -2 + 0 + 6?
1
(11 - 8 - 6) + -1 + 9
5
Calculate -6 + -2 + (17 - -2).
11
(-5 - (5 - 6)) + (0 - -5)
1
What is 2 + (-3 + 4 + -4 - -6)?
5
Calculate -6 + (15 - -8) - 10.
7
11 - (8 + -4) - 3
4
(0 - (-5 + -1) - 6) + 6
6
What is the value of (-2 - 9) + (0 - -8)?
-3
Calculate -1 + 1 + 1 + (-150 - -151).
2
What is the value of -1 + -2 + -1 - -2?
-2
Calculate 7 + -6 + -4 - 3.
-6
(6 - (1 - 1)) + (-60 - -62)
8
Calculate (-1 - 1) + (3 + 1 - -2).
4
Evaluate -8 + (9 - (-11 + 7)) - 0.
5
-1 + (6 - 0 - (-5 + 5))
5
What is -5 + (8 - (-1 - 2))?
6
Calculate (-23 - -12) + -2 - -3.
-10
What is the value of 0 - -13 - (7 - 20 - -20)?
6
What is the value of 6 - (3 - (9 - 10))?
2
Evaluate 2 - (3 + 1 + (-12 - -7)).
3
What is -11 + (-23 - -15) + 2 + 8?
-9
What is the value of 2 - 5 - (3 - 2)?
-4
Calculate -3 - (-19 - -11) - (0 - -10).
-5
What is the value of -4 + 4 + 5 - (-3 + 2)?
6
Evaluate -2 + (-17 - -21 - (0 - -1)).
1
Calculate (0 - 4) + (-20 - -25).
1
Evaluate (0 - (-6 + (-4 - -10))) + 0.
0
3 + 3 - (2 + 3 - -2)
-1
(-6 - 9) + 6 - -4
-5
What is (-8 - ((-3 - -6) + -7)) + 4?
0
Evaluate (4 - (2 + 2)) + -5 + 4.
-1
-2 - (-9 + 2) - (30 - 19)
-6
Evaluate -4 + 7 + (4 - 12) + 5.
0
What is the value of -11 + (-2 - -8 - 5)?
-10
Calculate 1 - 5 - (-70 + 71).
-5
What is 1 + -3 + 6 + -6 + 2?
0
What is the value of 8 + -12 - ((-1 - 0) + 2)?
-5
Evaluate 10 + 6 + -18 + (0 - 7).
-9
Calculate 1 + 2 + -22 + 20.
1
4 + -7 + 1 + 0 + 0
-2
Calculate -4 - -6 - (-4 - -6).
0
What is the value of (-2 - 2 - (-10 + 10)) + -1?
-5
Calculate -5 + -6 + 9 - (1 + -3).
0
What is 2 - (-4 + 3) - (1 - 3)?
5
What is (-3 - -2 - (-4 - -3)) + 0?
0
What is -2 - (-1 + 0) - (2 - 3)?
0
Evaluate 1 - (7 + (1 - 7)) - -1.
1
What is the value of (5 - -2) + -3 + 0?
4
Evaluate -3 - ((-3 - 1) + 3 + 3).
-5
(-4 - -2 - (6 - 3)) + -2
-7
What is 5 - (10 - 6) - -8 - 3?
6
What is 2 - (2 + (2 - 2) + 1)?
-1
What is -14 + 1 + 18 + -5?
0
What is -3 + (2 - 10 - -6)?
-5
Calculate (6 - 4) + -4 + 2.
0
What is 2 - ((-6 - (0 + -5)) + 7)?
-4
What is the value of -1 - 0 - (-226 - -234)?
-9
0 + 14 + -12 - 9
-7
What is the value of (-2 - (2 - 11) - 6) + -5?
-4
Calculate 6 - ((16 - 6) + -11).
7
What is 4 + -6 + 9 + -8 + 2?
1
Evaluate 2 + -5 + 4 - (8 - 4).
-3
-9 + 5 + -3 + 10
3
What is the value of -5 - (-8 + 9) - -5?
-1
What is the value of -11 + 4 + -5 + 10?
-2
Evaluate -1 + (3 - 5) + 5 - 4.
-2
What is (0 - (-3 - 0)) + -2?
1
What is -22 + 18 - (1 + -1)?
-4
Evaluate (-6 + 6 - 5) + 1.
-4
What is the value of 1 + (-1 + 1 - 1) - -1?
1
Evaluate 2 + -9 + 4 + -1.
-4
3 + 4 + -3 - (31 - 35)
8
Evaluate 0 + 8 + -3 + -1.
4
Calculate (-5 + 5 - 0) + 1.
1
What is the value of 30 - 24 - (10 - -5)?
-9
Calculate -1 + 4 + -6 + 8.
5
What is the value of (-5 + -2 - -14) + -2?
5
Calculate -6 - (-3 + (5 - 9)).
1
-10 - 3 - (-6 - -6 - 6)
-7
What is -4 - (4 - (3 + 2))?
-3
What is the value of 4 - (-1 - (2 + -5))?
2
-6 + 2 + 10 + -10
-4
What is the value of 6 + (-1 - (4 + -3)) + 0?
4
Calculate 15 + -17 + -1 - 8.
-11
0 + 1 - (-22 + 18)
5
Evaluate -4 + 4 - (4 + (-8 - -3)).
1
What is the value of -5 + (11 - 5) + -4?
-3
Calculate -13 - ((9 - 12) + -2).
-8
Evaluate (-1 - (-2 - -1)) + 4.
4
What is the value of -12 + (-11 + 12 - -6)?
-5
What is (-7 + 17 - 4) + -5?
1
Calculate -3 + (-1 - (-9 - -4)).
1
Evaluate 3 + (5 - 4 - 5).
-1
Evaluate -2 - (2 + -1) - (43 + -52).
6
What is (-1 - 9) + (-4 - (-6 - 5))?
-3
What is 11 - 1 - (3 + 3)?
4
Evaluate 7 + -4 + 3 - 1.
5
Calculate -4 + (1 - (-4 + 11)) + 8.
-2
What is (3 - (9 - 3)) + 0 - -7?
4
What is the value of (10 - (-11 + 10)) + -16?
-5
Evaluate (1 - -1) + 10 + -10.
2
What is the value of (-4 - -3) + (-3 - (-1 - 2))?
-1
Calculate (0 - (1 + -4)) + -10 - -8.
1
Calculate 1 - 0 - (6 - 8).
3
Evaluate 3 - (1 + -8 + 11).
-1
Calculate 34 + -39 - (-4 + -2).
1
Evaluate -9 - -3 - (-1 + 2 + -6).
-1
What is the value of -12 + 12 + 11 + -10?
1
What is the valu